 is m(-2)?
7
Let m(g) = 242*g + 12160. Calculate m(-50).
60
Let n(d) = d**3 - 51*d**2 + 71*d - 1099. What is n(50)?
-49
Let j(a) = 23*a**2 - 287*a + 1278. Determine j(4).
498
Let i(t) = -3*t**3 - 458*t**2 + 760*t + 92844. Calculate i(-153).
-27
Let o(b) = 9020*b + 1235661. What is o(-137)?
-79
Let u(o) = -2176*o + 28266. Give u(13).
-22
Let p(x) = x**3 + 86*x**2 + 87*x + 168. Give p(-85).
-2
Let j(g) = 130*g + 27863. Determine j(-215).
-87
Let x(j) = -j**3 + 78*j**2 + 94*j - 957. Calculate x(79).
228
Let g(x) = -7*x**3 + 33*x**2 + 71*x - 338. Give g(5).
-33
Let y(x) = 134963*x - 1079717. Calculate y(8).
-13
Let z(l) = -15*l**3 + 180*l**2 + 14*l - 173. What is z(12)?
-5
Let a(l) = 16*l**3 + 9*l**2 - 276*l - 558. Determine a(-2).
-98
Let x(a) = -4*a**3 - 596*a**2 + 1204*a - 356. Give x(-151).
248
Let q(p) = 2*p**3 - 791*p**2 - 454*p + 22976. Calculate q(396).
8
Let p(x) = 33*x**3 + 2*x**2 - 10*x - 38. Calculate p(-4).
-2078
Let d(w) = 6*w**3 - 50*w**2 + 49*w - 42. Determine d(7).
-91
Let g(k) = -k**3 - 94*k**2 + 94*k - 180. Calculate g(-95).
-85
Let i(z) = 2*z**3 - 29*z**2 + 25*z + 126. What is i(14)?
280
Let z(h) = h**3 - 29*h**2 - 299*h + 33. Calculate z(-10).
-877
Let c(h) = -h**3 + 123*h**2 + 602*h + 4763. Calculate c(128).
-101
Let j(d) = 10994*d - 109996. What is j(10)?
-56
Let u(m) = 223*m**2 - 8697*m - 12. Determine u(39).
-12
Let j(p) = -5*p**2 - 6502*p + 26001. Determine j(4).
-87
Let a(s) = 4*s**3 + 206*s**2 - 327*s - 466. Determine a(-53).
11
Let f(s) = 6*s**3 + 1002*s**2 + 2916*s - 5938. Calculate f(-164).
-34
Let c(k) = -k**2 - 24168*k - 1350256. Give c(-56).
16
Let o(h) = 1070*h - 20533. Calculate o(19).
-203
Let f(u) = -10*u**2 - 1829*u + 10914. What is f(6)?
-420
Let q(v) = 1309*v - 166826. Determine q(127).
-583
Let a(o) = -2*o**3 + 3*o**2 + 280*o - 15. Give a(-11).
-70
Let x(p) = -p**3 - 255*p**2 + 280*p + 6090. What is x(-256)?
-54
Let k(o) = -2*o**3 - 17*o**2 + 40*o + 31. Calculate k(-11).
196
Let c(l) = 2281*l + 16144. Give c(-6).
2458
Let g(d) = 40766*d - 1019136. Calculate g(25).
14
Let a(l) = 6365*l - 178208. What is a(28)?
12
Let c(u) = 2*u**3 - 16*u**2 - 6*u + 67. What is c(11)?
727
Let k(a) = -356*a**2 - 220*a + 215. What is k(1)?
-361
Let n(o) = -14845*o + 88618. Calculate n(6).
-452
Let w(t) = -t**3 - 44*t**2 - 373*t - 16387. Give w(-44).
25
Let k(z) = 10*z**2 + 454*z - 80. What is k(-44)?
-696
Let z(d) = -4*d**2 - 1195*d + 23103. Calculate z(-317).
-38
Let n(c) = 10*c**2 + 1539*c + 38926. Calculate n(-122).
8
Let a(m) = -m**2 - 80345*m + 723187. What is a(9)?
1
Let w(x) = 1509*x - 12147. Give w(8).
-75
Let m(a) = 28096*a - 814563. Calculate m(29).
221
Let v(o) = -o**3 - 22*o**2 + 93*o + 1340. Give v(-12).
-1216
Let k(q) = -4*q**2 + 45*q - 61. Give k(10).
-11
Let j(u) = 10499*u + 598335. What is j(-57)?
-108
Let j(g) = -82*g**2 - 4304*g + 6710. Determine j(-54).
14
Let s(m) = -2*m**3 + 9*m**2 + 41*m + 22. Give s(-5).
292
Let o(b) = 2065*b - 555533. What is o(269)?
-48
Let u(w) = 210*w + 7079. Determine u(-29).
989
Let v(f) = -2*f**3 + 61*f**2 + 2575*f - 78155. What is v(30)?
-5
Let f(a) = -a**3 - 20*a**2 - 749*a - 15989. What is f(-21)?
181
Let x(v) = v**3 + 275*v**2 + 13802*v + 1670. Give x(-209).
-2
Let o(m) = 25412*m + 533646. Determine o(-21).
-6
Let q(i) = -2131*i - 15003. Calculate q(-6).
-2217
Let l(q) = -442*q**3 + 7*q**2 - 12*q + 6. Give l(1).
-441
Let z(h) = -120*h - 13549. Calculate z(-113).
11
Let r(m) = 186533*m + 25368482. Give r(-136).
-6
Let g(q) = q**3 + 64*q**2 + 10*q + 4865. Determine g(-65).
-10
Let q(n) = -n**2 - 332*n + 6682. Give q(19).
13
Let r(k) = 16735*k + 368182. Calculate r(-22).
12
Let l(a) = -235*a**3 - 11*a - 12. What is l(-1)?
234
Let u(w) = 2640*w - 22251. Give u(10).
4149
Let j(c) = -c**3 - 120*c**2 + 1169*c + 888. Give j(-129).
-144
Let n(v) = 6*v**2 + 18*v + 111. What is n(-12)?
759
Let b(i) = 3418*i**2 - 34502*i + 3224. Determine b(10).
4
Let c(w) = 94994*w + 285016. Determine c(-3).
34
Let k(g) = -g**3 + 13*g**2 - 2704*g + 29504. Give k(11).
2
Let a(j) = -673984*j + 9435764. Give a(14).
-12
Let r(f) = -f**3 + 109*f**2 - 2190*f + 2679. Give r(83).
23
Let o(v) = 1545*v + 327529. What is o(-212)?
-11
Let u(y) = 2*y**3 + 54*y**2 - 1131*y - 30493. Calculate u(-27).
44
Let f(x) = -16593*x + 398119. What is f(24)?
-113
Let g(f) = -5*f**2 - 1562*f - 17050. Give g(-11).
-473
Let b(v) = 18607*v - 17974368. Calculate b(966).
-6
Let q(a) = 26846*a + 1906071. Give q(-71).
5
Let q(p) = 2*p**3 - p**2 - 45*p - 17. Calculate q(5).
-17
Let a(w) = 63*w**3 - 6*w**2 + 11*w + 62. What is a(-3)?
-1726
Let y(w) = 28*w**2 + 569*w - 2484. Determine y(-24).
-12
Let z(h) = -1269*h + 20045. Calculate z(16).
-259
Let y(j) = 7*j**3 + 6453*j**2 - 7383*j + 918. Determine y(-923).
-5
Let h(o) = 22*o**2 - 25*o + 2. Calculate h(7).
905
Let h(m) = -92*m**2 - 5154*m - 30. What is h(-56)?
82
Let y(g) = -250*g + 1977. Give y(-10).
4477
Let l(i) = 274*i + 8847. Calculate l(-35).
-743
Let v(i) = 10*i**3 - 9*i**2 + 2488*i - 7420. What is v(3)?
233
Let u(p) = 59687*p - 895337. What is u(15)?
-32
Let q(p) = -18*p**3 + 341*p**2 + 54*p - 198. Give q(19).
467
Let r(c) = c**2 + 4599*c + 4718427. Calculate r(-1545).
-3
Let k(s) = -2*s**3 - 431*s**2 - 1075*s - 517. Determine k(-213).
1613
Let t(m) = -2*m**3 - 240*m**2 - 1148*m + 244. Determine t(-115).
14
Let a(u) = 3*u**3 - 66*u**2 + 5*u + 168. Calculate a(22).
278
Let d(a) = -a**3 - 59*a**2 - 826*a + 95. What is d(-36)?
23
Let y(u) = -17*u**3 + 691*u**2 + 217*u + 1176. Give y(41).
-13
Let g(v) = -v**3 - 110*v**2 - 2745*v - 628. Determine g(-72).
20
Let b(w) = -62*w + 5686. Give b(81).
664
Let o(a) = -a**3 - 106*a**2 - 1283*a - 54. Give o(-14).
-124
Let z(c) = c**2 + 12843*c - 115641. What is z(9)?
27
Let o(g) = -g**3 + 2*g**2 + 55*g + 9. Calculate o(9).
-63
Let r(q) = q**3 - 32*q**2 + 128*q - 420. Determine r(28).
28
Let k(g) = 1722*g**2 - 39*g + 36. Give k(1).
1719
Let m(k) = -10*k**3 - 97*k**2 + 37*k + 31. What is m(-10)?
-39
Let v(s) = 4*s**3 + 2315*s**2 - 7552*s + 8148. Determine v(-582).
0
Let r(z) = -1383*z + 109956. Determine r(80).
-684
Let m(k) = 166*k - 9578. Determine m(58).
50
Let c(j) = 43*j**2 + 688*j + 198. Calculate c(-16).
198
Let o(j) = j**3 - 5*j**2 + 24393*j - 170847. Determine o(7).
2
Let g(n) = -2*n**2 + 2090*n - 212249. Give g(114).
19
Let l(k) = 19*k - 443. Determine l(20).
-63
Let x(c) = c**3 - 11*c**2 + 257*c - 1536. Give x(7).
67
Let t(m) = -1415*m - 49391. What is t(-35)?
134
Let b(l) = -11*l**3 + 238*l**2 - 1004*l - 82. What is b(15)?
1283
Let j(m) = 2*m**3 - 49*m**2 + 301*m - 4. Calculate j(13).
22
Let f(v) = -4*v**3 - 153*v**2 - 178*v + 288. Give f(-37).
29
Let w(v) = -2852*v + 16983. Determine w(6).
-129
Let i(m) = -221435*m**2 + 8857399*m + 48. What is i(40)?
8
Let x(c) = 6*c**2 + 98*c - 1177. Give x(-24).
-73
Let w(y) = 3*y**2 + 732*y - 58013. Calculate w(-307).
10
Let c(i) = 1957*i - 41059. Calculate c(21).
38
Let q(s) = 6315*s - 214702. What is q(34)?
8
Let m(l) = -181*l**2 + 5245*l - 27. What is m(29)?
-143
Let p(n) = 3*n**3 + 499*n**2 - 406*n - 12046. What is p(-167)?
-22
Let z(b) = 4204*b - 256364. Give z(61).
80
Let k(j) = -j**3 + 207*j**2 - 4868*j + 1445. Calculate k(180).
5
Let c(a) = -a**3 - 37*a**2 + 275*a + 10962. Determine c(-36).
-234
Let g(f) = f**3 + 162*f**2 - 1665*f + 4155. Calculate g(5).
5
Let j(k) = -5617*k + 3353345. What is j(597)?
-4
Let b(s) = 504*s**2 + 338*s + 338. Calculate b(-1).
504
Let c(p) = -2*p**2 + 199*p + 47059. Calculate c(211).
6
Let x(y) = -2*y**3 - 7*y**2 - 40*y - 4. Give x(-5).
271
Let n(l) = l**2 + 114*l - 88996. Give n(247).
171
Let t(x) = 3*x**2 + 383*x + 1451. Calculate t(-128).
1579
Let o(t) = -13*t**3 + 40*t**2 - 58*t - 126. What is o(3)?
-291
Let s(h) = h**3 + 46*h**2 - 209*h - 490. Determine s(-50).
-40
Let t(i) = -8*i**2 - 169*i + 2658. What is t(10)?
168
Let p(x) = x**3 + 353*x**2 + 49*x + 17310. Give p(-353).
13
Let x(q) = -q**3 + 99*q**2 - 1541*q + 1926. Calculate x(80).
246
Let r(d) = -2*d**2 - 1263*d - 16131. Calculate r(-13).
-50
Let p(q) = 18*q**3 - 301*q**2 + 1127*q + 38. Give p(11).
-28
Let r(s) = s**3 + 154*s**2 - 2528*s + 53. Calculate r(-169).
-1130
Let o(t) = 2*t**3 - 35*t**2 - 34*t - 2112. Give o(21).
261
Let p(f) = -7*f**3 - 364*f**2 - 697*f + 184. Calculate p(-50).
34
Let m